the second derivative of 5*i**3/6 + 3*i**2/2 - 66*i. Determine n(-2).
-7
Let a(q) = 2*q + 1. Let p be a(1). Let i(b) = -5*b**3 + 4*b**3 - 2*b + 0*b + 3 + p*b**2 + 4*b. Suppose 4*n - 2 = 10. Give i(n).
9
Let f(l) = -2*l**2 + 17*l + 11. Let m(j) = -3*j**2 + 25*j + 16. Let v(n) = 7*f(n) - 5*m(n). Give v(5).
-8
Let b(p) = -74 + 4*p**2 + p**3 + p**2 + p + 76. Determine b(-5).
-3
Let w(g) = -g + 11. Let t(k) = -2*k + 23. Let o(z) = 2*t(z) - 5*w(z). Let s = 121 + -116. Calculate o(s).
-4
Let r(s) = -5*s - 2 + 4 + 1. Suppose -3*w + 1 = -2. Suppose w = 3*d + z - 9, -z = -d - 2. Give r(d).
-7
Let w(a) be the second derivative of a**3/6 - 3*a**2 + 2*a. Let b be 264/121 + 4/(-22) - -2. Give w(b).
-2
Let q(a) = a**3 + 4*a**2 + 3*a + 1. Suppose -10*p = -14*p - 12. Determine q(p).
1
Let g(u) be the third derivative of u**9/60480 + u**8/10080 - u**7/5040 + u**5/15 - 4*u**2. Let j(l) be the third derivative of g(l). Determine j(2).
14
Let g(f) be the first derivative of f**3/3 - f**2/2 - 4*f - 7. Give g(0).
-4
Let l(j) = 3*j + 2 + 3 - 4*j. Suppose -f - 4 = -8. Give l(f).
1
Let w(v) = 52 + v - 55 - 2*v. Let m = 9 + -15. Calculate w(m).
3
Let j = -19 - -22. Let b(z) = 5*z + 2. Determine b(j).
17
Let w(g) be the second derivative of -g**5/20 + g**4/4 + 2*g**3/3 - g**2 + 9*g. Let z = -2 + 4. Suppose -5*y + 5*p = -35, z*p = -3*y - 3*p - 3. Give w(y).
-2
Suppose 0 = 2*z - 2*a + 2, -2*a + 7 + 13 = -5*z. Let u(o) = -o**3 - 6*o**2 - 2*o - 9. Determine u(z).
3
Let c(p) be the third derivative of -p**5/20 - p**4/6 - p**3/3 - 3*p**2. Determine c(-2).
-6
Suppose 34 = 3*k - 5*d, -k - 2*k = -4*d - 29. Let t(m) = -2*m**3 - 2*m**2 + m - 3. Let o(i) = -3*i**3 - 2*i**2 + i - 3. Let u(b) = -3*o(b) + 4*t(b). Give u(k).
9
Let o(f) = f**2 - 6*f + 7. Suppose 0*g - 5 = -g. Let x be o(g). Let w be -3*(-2)/(-3)*x. Let n(m) = m**2 + m - 5. Give n(w).
7
Let z(u) = u + 1. Let s(x) = -2*x + 7. Let v be s(4). Determine z(v).
0
Suppose 17*c - 42 = 14*c. Suppose 2*m = c - 2. Let n(b) = b**2 - 7*b. Give n(m).
-6
Let q be ((-1)/2)/((-2)/24). Let d(a) = -a + q - 2*a + a**2 - 2*a**2. Give d(-5).
-4
Let b(z) be the first derivative of -z**3/3 + 2*z**2 - z + 49. Suppose -3*y + 5*u = -5*y + 31, -u = -5. Calculate b(y).
2
Let i = 7 + -10. Let x be i*1*(-4)/12. Let o(y) = -7*y**3 + 3*y**2 - 2*y + 1. Let k(d) = -35*d**3 + 16*d**2 - 11*d + 6. Let g(c) = -2*k(c) + 11*o(c). Give g(x).
-7
Let c = -99 - -97. Let j(l) = -3*l - 1. Determine j(c).
5
Let p(r) = r**2 - 5*r + 11. Let k(u) = -3*u + 7. Let z be k(6). Let o(h) = 3*h**2 - 14*h + 33. Let n(j) = z*p(j) + 4*o(j). Determine n(0).
11
Let p(v) = -3*v + 3. Suppose i = -5*r - 165, 3*r = -3*i + 8*i - 127. Let x be r/(-10) + (-16)/40. Give p(x).
-6
Let f(p) = 3*p**2 - p - 1. Let x(z) = 4*z**2 - 1. Let q(b) = -3*f(b) + 2*x(b). Let y(v) be the first derivative of q(v). Determine y(2).
-1
Let p(t) = 5*t**3 + 21*t**2 - 4*t + 13. Let u(x) = -x**3 - 5*x**2 + x - 3. Let a(b) = -2*p(b) - 9*u(b). Calculate a(2).
3
Let t(g) = g**2 - 2*g - 3. Suppose 0 = -3*n - 15, 9 + 16 = -5*w - 5*n. Let x be w + (2 - -1) - 12. Let v = x - -13. Determine t(v).
5
Let m be (-4)/(-8) + (-2)/4. Let w(f) = -f. Give w(m).
0
Let x(k) = -k**3 - 5*k**2 - 4*k + 5. Suppose -2*r - 9 = -z, -r + 5*r = -2*z - 14. Determine x(r).
5
Suppose 4 + 5 = -9*o. Let s(y) = 9*y. Determine s(o).
-9
Let b(h) = h + 1. Let r be (2 - 5)*(-1)/3. Let f(s) = 7*s + 13. Let i(a) = r*f(a) - 6*b(a). Let n be ((-3 - -6) + 2)*1. Determine i(n).
12
Suppose -3*u + 27 = -i - 88, -5*i + 25 = 0. Suppose -3*h + u = 2*h. Let l(j) = 1 - h*j + j**2 + 7 - 2. Calculate l(5).
-9
Let m(j) = 4*j + 39. Let b be m(-10). Let z(d) = 2 + 6*d**2 - 3*d + 5*d - 1. Determine z(b).
5
Let q(d) be the third derivative of d**6/120 - d**5/60 + d**4/12 + d**3/6 + 29*d**2. Give q(2).
9
Let h(y) = -y - 1. Suppose -q + 0 = -2. Suppose q*b = 3*l + 16, 0 + 4 = -2*l. Determine h(b).
-6
Let y = -5 - -9. Let x(m) = 2*m**2 - 7*m + 4. What is x(y)?
8
Let j(c) = -c**2 + 9*c - 9. Let d = -99 - -106. Determine j(d).
5
Suppose 0 = z + 2*z + 6. Let m(g) = -g**2 + 7*g - 4. Let o be m(6). Let a(v) = -o*v**3 + 4 - 3*v**2 + 0*v**3 - 2. Give a(z).
6
Suppose 0 = -9*a - 2*a + 22. Let o(n) = -n + 2*n - 1 - 2*n. Determine o(a).
-3
Let o(v) = v. Suppose 2*i = -h - 0*h + 1, -3*h - 21 = -2*i. Suppose r - i*r + 4 = 0. Calculate o(r).
2
Let l(c) = c + 3*c**2 - 6*c**3 - 2*c**2 + 0 + 1 - 2*c. Suppose 10 = 3*b + 1. Let g be 2/(-4) + b/2. Calculate l(g).
-5
Let z = 3 - 5. Let j = z - -3. Let t(d) = 8*d - 2*d**2 - 3*d - j + 3*d**2. What is t(-4)?
-5
Let c(b) = 6*b**3 - 2*b + 1. Let n be (0 + 2)*(-3)/(-6). What is c(n)?
5
Let v(r) = r**3 - 8*r**2 + 2*r - 5. Let b(y) = y**2 + 1. Let q(s) = 4*b(s) + v(s). What is q(3)?
-4
Let h(m) = m**2 + 4*m - 3. Suppose 156*y + 16 = 152*y. Determine h(y).
-3
Let b(y) = 0*y + 3*y - y**2 - 3 - 2*y. Suppose -8*c + 3*c = -c. Calculate b(c).
-3
Let k(a) = -a - 2. Let t be k(-4). Let x(s) = s**3 - s**2 + s - 2. Give x(t).
4
Let s = 4 + -2. Suppose -x = s*x - 3. Let y(w) = -3*w - 1 + 0 + 0*w. Calculate y(x).
-4
Let s = -26 - -27. Let v(j) = 1 - 1 + 4*j + 1. Calculate v(s).
5
Let s(a) = 6*a**3 + a**2 - 1. Let o = 53 + -34. Suppose 0 = r - c - 7, -r - 5*c = 2*r + o. Let z be 2/(r/(2/(-2))). Give s(z).
-6
Let m(n) = -n**3 - 4*n**2 + 4*n - 7. Let u(b) = -2*b**3 - 6*b**2 + 6*b - 10. Let s(g) = 7*m(g) - 5*u(g). Let i = 0 - 1. Let r be (-4)/(-4)*(0 - i). Give s(r).
4
Let d = 12 + -3. Let f(l) = l - d + 0*l - l - l. Calculate f(-5).
-4
Let s(o) = o**2 - 6*o + 5. Let a be s(3). Let k(j) = 1 + 7 + 0 + 5*j. Let g(u) = -u - 1. Let c(w) = -3*g(w) - k(w). What is c(a)?
3
Let t = -3 + 7. Suppose 3*d + 0*d + 19 = -5*m, -t = -2*d. Let i(j) = -j + 5. Give i(m).
10
Let s be (-1 - -2) + 22/2. Suppose 2*p + s = 4*p. Let a(c) = c - 5. What is a(p)?
1
Let c(d) = 7*d**3 - 3*d**2 - 9*d - 5. Let v(g) = -6*g**3 + 3*g**2 + 8*g + 5. Let n(z) = -5*c(z) - 6*v(z). Let m = 67 + -44. Let f = -19 + m. What is n(f)?
-1
Let w(f) = 3*f**2 + 26*f + 12. Let x(g) = -g**2 - 9*g - 4. Let p(j) = 4*w(j) + 11*x(j). Give p(-3).
-2
Suppose -11 + 6 = w. Let p(n) = n**3 + 6*n**2 + 5*n + 3. What is p(w)?
3
Let i(r) = -11*r - 1. Let g = -29 + 26. Let q be (-1)/((-7 + 4)/g). Determine i(q).
10
Let v(h) = h. Let s = 4 - 2. Suppose i + 7 = s*i. Let q = 12 - i. Calculate v(q).
5
Suppose -c - 3 = 3*d - 6*d, -2*d - 3*c = -13. Suppose -5*s + 3*q = -6 - 24, -d*q - 22 = -4*s. Let u(n) = -n**2 + 2*n. Calculate u(s).
-3
Let v(n) = -n**3 + 5*n**2 + 4*n + 1. Let q(c) = 5*c**3 - 20*c**2 - 16*c - 3. Let d(x) = -2*q(x) - 9*v(x). Let i(h) = -3*h - 2. Let f be i(0). Determine d(f).
-7
Let r(o) = o**2 - 3*o - 1. Let q(m) = m - 4. Let t be q(4). Suppose 0 = 4*i - t*i - 5*j + 13, -2*j - 8 = 5*i. Let v = i - -6. Determine r(v).
3
Let g be -2 + 0/1 + 0. Let o(r) be the second derivative of 1/2*r**2 + 1/6*r**3 + 0 - 4*r. Give o(g).
-1
Suppose c + s - 2 = 1, 5*c - 4*s = 60. Suppose -32 = 4*n - c. Let v(b) = b + 8. Determine v(n).
2
Let y(i) = -i**3 + 5*i**2 - 4*i + 1. Let h(t) = -t**3 + t**2 - t. Let n(z) = -2*h(z) + y(z). Determine n(-4).
-7
Suppose 5*n + 9 + 16 = -3*l, -n + 2*l + 8 = 0. Let w = 0 + 1. Let x(k) = 4 - 3 + k + w. Give x(n).
0
Let b be ((-30)/(-75))/(2/(-40)). Let a(g) = -g**2 - 8*g - 10. Determine a(b).
-10
Let h(n) = n**3 + 4*n**2 - n + 3*n**3 + 2 - 3*n**3 - 6. What is h(-4)?
0
Suppose -11*u = -u + 80. Let o(w) = -w**2 - 7*w - 8. What is o(u)?
-16
Let s be ((-8)/(-4)*1)/(4/(-10)). Let w(c) be the third derivative of -c**5/60 - c**4/4 + c**3/3 - c**2. What is w(s)?
7
Let p(x) be the first derivative of -x**4/12 - x**3/3 - x**2 - 3*x - 3. Let l(a) be the first derivative of p(a). What is l(-3)?
-5
Let o(q) = -2*q - 4. Let l(u) = 1 + 0 - 4 - 2*u + u. Let c be l(11). Let n = 10 + c. What is o(n)?
4
Let r(t) = -10*t + 1 - t**2 - 3 + 5*t. Calculate r(-5).
-2
Let t(y) = -y + 1. Let f(c) = -9*c + 7. Let w(i) = f(i) - 6*t(i). Determine w(4).
-11
Let x(m) = -m - 3. Let o = 15 - 20. Let w be (21/(-15) - 0)*o. Give x(w).
-10
Suppose -4*b - 9 = 7, b + 13 = 3*u. Let c(w) = -2*w - 1. Give c(u).
-7
Let w = 22 - 30. Let l(u) = u - 9. Determine l(w).
-17
Let g(z) = -1. Let j = -16 + 15. Let t(b) = b**2 + 4*b + 6. Let i(r) = j*t(r) - 3*g(r). Let y = -6 + 3. Give i(y).
0
Let y(g) = -2*g + 2. Let k = -3 + 13. Suppose -4*u + 23 = -z, -5